 and 5?
5
Suppose -3*q = -2*q - 3*u - 7, -5*u - 35 = -4*q. Let m be (-48)/27 - (-5)/(45/(-2)). Let v = q - m. Calculate the highest common factor of 12 and v.
12
Suppose -131 = -2*r - g, 2*r - 4*g = r + 70. Calculate the greatest common factor of 44 and r.
22
Let d be ((-22)/6)/((-1)/3). Suppose 3*r + 94 = 7*r - 3*p, -120 = -5*r + 5*p. Calculate the greatest common factor of r and d.
11
Let m = -10 + 14. What is the highest common divisor of m and 16?
4
Suppose 5*f - 2*s = 370, 0*f - 4*s - 164 = -2*f. Suppose -3*g + f = 5*a, 2*g = -3*g - 5*a + 120. What is the greatest common factor of 60 and g?
12
Let m(g) = -g**2 + 10*g + 3. Let x be m(6). Suppose -4*y + 0*y = 0. Suppose -14 = -z - j, z - j - 4 = -y*z. What is the highest common divisor of x and z?
9
Suppose 2*r = 6*r - 144. Suppose -15*o + 13*o + 12 = 4*u, 10 = -5*o. What is the greatest common divisor of u and r?
4
Let q(v) = 0 - 8 + 2*v - 8*v**2 + v**3 + 2*v - 2. Let x be q(8). Calculate the greatest common factor of 22 and x.
22
Suppose -20 = -j - 3*a - 7, -4*j - 3*a + 34 = 0. Calculate the greatest common divisor of j and 28.
7
Suppose -3*f = f + 12. Let y be 3 - (3 + f) - -20. Calculate the greatest common factor of 46 and y.
23
Suppose 4*z - 5*a = 321 + 197, -4*z - 4*a + 536 = 0. Let y = -29 + 41. What is the highest common divisor of z and y?
12
Let t be (-328)/(-6) + (-15)/(-45). Calculate the greatest common factor of t and 5.
5
Suppose 0*v = 3*v - 6. Suppose 30 = v*h + h. Calculate the greatest common divisor of 70 and h.
10
Let n(y) = 7*y - 19. Let m be n(8). Let d = 101 - m. Calculate the greatest common divisor of d and 16.
16
Let l = -45 - -73. What is the highest common factor of 252 and l?
28
Let l be -2 + 2 + 1 - -80. What is the highest common divisor of l and 9?
9
Let z = 16 + -8. Calculate the highest common divisor of z and 16.
8
Suppose 4*r + 0*r = 0. Suppose v + 4 = r, -3*y - 5*v = -2*y - 48. Calculate the highest common divisor of 17 and y.
17
Let n(j) = -j**2 + 7*j - 5. Let x be n(4). Let u(d) = -d - 6. Let v be u(-6). Suppose -g - 4*g + 140 = v. Calculate the greatest common factor of g and x.
7
Suppose 19 = 5*i - 3*h, i - 6*h = -h + 17. Let r be 2*(i + -3) + 4. Calculate the highest common factor of r and 16.
2
Let g be 9/15 - (785/(-25) - 4). What is the greatest common factor of g and 60?
12
Let w(p) = 4*p - 1. Let v be w(3). Suppose -1136 = 3*x + x. Let h = -185 - x. What is the greatest common divisor of v and h?
11
Let x(p) = p**3 - 22*p**2 + 13*p - 31. Let z be x(22). Calculate the greatest common divisor of z and 51.
51
Let q(s) = 8*s**2 - 2*s - 1. Let h be q(2). Let k be (-96)/6*(-6)/8. Let y be (8/k)/(2/h). Calculate the greatest common factor of 1 and y.
1
Let p = 9 - 3. Suppose -5*s = -0*s - 60. What is the greatest common factor of p and s?
6
Let z(m) be the third derivative of -m**4/6 - 4*m**3/3 - m**2. Let u be z(-7). What is the greatest common divisor of 30 and u?
10
Let d = -1 + -5. Let w be d/(-9) - 292/(-3). Let u = w + -68. What is the highest common factor of 6 and u?
6
Let m be (-14)/35 - (-4)/10. Let r be m/(0 + 3 + -1). Suppose r = -3*f + 17 + 7. Calculate the greatest common factor of 72 and f.
8
Let a = -56 - -86. Suppose 2*b = 3*b - 15. Calculate the greatest common factor of a and b.
15
Suppose 6*b - 3*b = -4*m + 58, 2*b = 4*m + 12. Calculate the highest common divisor of b and 126.
14
Suppose 0 = 3*t + f + 4, 0 = 4*t + 3*f - 2*f + 6. Let a be t + -1 - (-4 - 2). What is the greatest common factor of a and 6?
3
Suppose 4*s - 5*s = 0. Let r be 3 + 2 + -1 + 1. Suppose l - 5*m - 20 = -s*l, 0 = -5*l - r*m + 70. Calculate the greatest common factor of 3 and l.
3
Suppose 0 = 3*y - 4 - 2. Suppose -y*x + 3 + 7 = 0. Suppose -30 = -m - 3*a, -9 = -x*m - a + 71. What is the highest common factor of 105 and m?
15
Let b = 3 + 1. Suppose l + b*p = -9, -p + 1 = 5. Let z be (3/2)/(-3)*-2. Calculate the highest common factor of l and z.
1
Let s = 16 - 9. Suppose 3 = -2*d + s. Let z(k) = 2*k**3 - 3*k**2 + 1. Let l be z(d). What is the greatest common factor of l and 2?
1
Let z = 16 - 7. Let u be 16/2*z/6. Let i = 13 - 10. Calculate the highest common divisor of i and u.
3
Let k = -9 - -14. Suppose -89 = -2*b + 3*q - k, -4*b + 200 = 2*q. Let o be b/9*-1*-3. What is the highest common factor of 40 and o?
8
Let w(i) = -132*i. Let o be 1/4 + (-21)/(-12). Suppose -2*c + 0*c - o = 0. Let f be w(c). What is the greatest common factor of f and 12?
12
Suppose 106 + 601 = 2*p + 3*u, 0 = -4*u + 4. What is the greatest common divisor of p and 32?
32
Suppose 3*o + a - 198 = -0*a, -a = -4*o + 257. Let s be (-3)/4 - (-15)/20. Let r = s + 26. Calculate the greatest common divisor of o and r.
13
Let z(m) = 35*m**2 - m - 2*m - 2 - 2. Let t be z(-3). Suppose 6*p = p + t. Calculate the greatest common factor of 8 and p.
8
Let i = 6 - 6. Suppose i = 5*g - g - 840. Suppose 0 = -2*w - w + g. Calculate the highest common factor of w and 10.
10
Suppose -5*g = p - 35, 0 = 4*p - 5*g - 24 - 91. What is the highest common divisor of p and 10?
10
Suppose c - 10 + 5 = 0. Suppose -2*v + 84 = c*f, -5*f - 10 + 30 = 0. What is the highest common factor of 4 and v?
4
Suppose 5*s + d - 28 = 0, 2*d + 0*d - 26 = -5*s. Suppose -2*r = r + s. Let f be 1/2 + (-71)/r. Calculate the greatest common factor of 4 and f.
4
Let u = -112 - -172. Let x(w) = 3*w - 3. Let g be x(5). What is the highest common divisor of g and u?
12
Let y = -195 + 283. Let p(x) = -2*x**3 + 13*x**2 + 8*x + 1. Let i be p(7). Calculate the highest common divisor of y and i.
8
Let r(l) = 8*l + 2. Let m be r(-3). Let q(j) = -j**2 - 5*j - 4. Let y be q(-6). Let h = y - m. What is the greatest common factor of h and 12?
12
Let a = 38 - 22. Suppose 288 = 4*r - r. Calculate the highest common factor of a and r.
16
Let a = 174 + -79. Calculate the greatest common divisor of 19 and a.
19
Suppose -3*b = -4*l - 560, 5*l - 910 = -4*b - b. What is the highest common factor of 8 and b?
8
Let z = 221 + -116. What is the highest common factor of z and 15?
15
Let i be 72 + -37 - (1 + 4). Calculate the highest common divisor of i and 135.
15
Let k(a) = -a**3 - 5*a**2 + 6*a - 7. Let w be k(-6). Let t be (-38)/(-6) - w/(-21). What is the greatest common factor of 24 and t?
6
Let f = -267 - -288. Let b = -322 - -469. What is the greatest common factor of b and f?
21
Let k = -181 + 373. What is the greatest common divisor of 24 and k?
24
Suppose 4*b - 40 = 6*a - a, 0 = -b + 4*a + 21. What is the greatest common factor of b and 35?
5
Let z(a) = 16*a**3 + a**2 - a. Let q be z(1). Suppose 4*x - 16 - q = 0. What is the greatest common divisor of 72 and x?
8
Let g(u) = -4*u**3 - 3*u**2 - 2*u + 4. Let q be g(-4). Calculate the highest common factor of q and 44.
44
Suppose -3*x + 8 = -u - 16, 32 = 4*x + u. Let c(v) = 8*v + 4*v**2 + 1 - 9*v - 5*v**2 - 15*v. Let d be c(-13). What is the highest common divisor of x and d?
8
Suppose p - 39 = 60. Let q be 136/12 - (-2)/(-6). Calculate the highest common divisor of p and q.
11
Let z = -158 + 230. Calculate the highest common divisor of 8 and z.
8
Let k(b) = -24*b - 51. Let t be k(-13). What is the greatest common divisor of 29 and t?
29
Suppose 3*c + 2*c = 2*a + 46, -3*c - 2*a = -18. Calculate the highest common divisor of 112 and c.
8
Let p = 154 + -121. What is the greatest common factor of 264 and p?
33
Let d(a) = 29*a + 3. Let z be d(3). Let y(i) = i + 88. Let b be y(-28). What is the greatest common divisor of b and z?
30
Let k be ((-48)/3 + 4)/((-2)/4). What is the highest common divisor of 60 and k?
12
Suppose -4*q = -4*y - 4, -2*y + 4*q = y + 8. Let v be y/12 - (-123)/9. Calculate the highest common divisor of v and 14.
14
Let k = -560 - -1064. What is the greatest common divisor of k and 56?
56
Let r be 2 + 2 + (-2)/2 + -2. What is the greatest common divisor of r and 11?
1
Let a be -1 + (-1 + 2 - -1). Let y(p) = 54*p**3 - 3*p**2 + p**3 + 3*p**2 + a - p. Let t be y(1). What is the highest common factor of t and 5?
5
Let v be (4/2 + -14)*78/(-12). Calculate the highest common divisor of 6 and v.
6
Suppose -f = -2*q + 7*q - 253, 0 = -f + 3. Let r be 3/6 + (-741)/(-38). What is the highest common divisor of r and q?
10
Let w be (4/(-10) + 0)*-125. Let v be ((-24)/6)/(-2 - -1). Let h be 4*(4 - v/(-4)). 